In base 10, what is -10 + 6008?
5998
In base 16, what is 23 - 15fe?
-15db
In base 16, what is 1b8f - -1?
1b90
In base 2, what is -10111000 - 10111011?
-101110011
In base 13, what is 31605 + 7?
3160c
In base 16, what is -5 - -682b?
6826
In base 7, what is -1403 + -114?
-1520
In base 6, what is 201203 + 134?
201341
In base 12, what is -65b80 - -4?
-65b78
In base 7, what is 122 + -53?
36
In base 8, what is 74 - -5736?
6032
In base 15, what is 2 + -b40?
-b3d
In base 8, what is -170 + -131?
-321
In base 15, what is 2b9368 - -3?
2b936b
In base 8, what is -544143 + -3?
-544146
In base 14, what is dc6 + -12?
db4
In base 8, what is -41 - 15616?
-15657
In base 5, what is 14 - 2312?
-2243
In base 14, what is -765 + 167?
-5dc
In base 15, what is -25 + 5508c?
55067
In base 14, what is c - 314?
-306
In base 6, what is 12554 - 4?
12550
In base 9, what is 2310445 - -1?
2310446
In base 10, what is 563 + -12?
551
In base 16, what is a3604 - 3?
a3601
In base 3, what is 22 - -20001211?
20002010
In base 12, what is 2 + -913b2?
-913b0
In base 4, what is 213031030 + -1?
213031023
In base 5, what is 212032110 - -4?
212032114
In base 16, what is -1 + -1165c0?
-1165c1
In base 14, what is 30c2b - -2?
30c2d
In base 11, what is 14a - -354?
4a3
In base 11, what is a3a + -1406?
-477
In base 11, what is -12a - 637?
-766
In base 14, what is 64 - -5cb?
651
In base 8, what is 13243 - -5?
13250
In base 16, what is -a + -6751e?
-67528
In base 8, what is 43572 + 17?
43611
In base 3, what is -2200102202120 - -10?
-2200102202110
In base 3, what is 1000011220212 - -2?
1000011220221
In base 6, what is -12 + 4350?
4334
In base 16, what is 1 - -84e9c?
84e9d
In base 2, what is 100011101 + 11010111?
111110100
In base 2, what is -1011001101 + 101?
-1011001000
In base 14, what is -2 + -1b4aba?
-1b4abc
In base 6, what is 251 - -334?
1025
In base 8, what is 7 - 1221025?
-1221016
In base 10, what is 4 + -19325?
-19321
In base 13, what is -7 + -300?
-307
In base 6, what is -5002 - 12000?
-21002
In base 8, what is 4664 + -1025?
3637
In base 7, what is 122062 + 1?
122063
In base 2, what is -1101 - 101111110011011?
-101111110101000
In base 6, what is 224 + 213?
441
In base 5, what is -2 + -33231?
-33233
In base 2, what is 100 + 1100011111110000?
1100011111110100
In base 16, what is 7e + -3d8?
-35a
In base 7, what is 25501 + -432?
25036
In base 2, what is -1001111111 - 10010101011?
-11100101010
In base 11, what is 835 + -46?
79a
In base 9, what is -5 - -221868?
221863
In base 7, what is 2454 + 22043?
24530
In base 2, what is 1000000000111 + -10000?
111111110111
In base 12, what is 2 - 31225?
-31223
In base 12, what is -386 - 21a?
-5a4
In base 7, what is 200251 - 6?
200242
In base 15, what is -236 - -13e?
-e7
In base 14, what is -2 + -5b703?
-5b705
In base 13, what is -149 - -75?
-a4
In base 11, what is 79201 - 15?
79197
In base 6, what is -10 - -205314?
205304
In base 9, what is 1 + 21864?
21865
In base 4, what is -2021000223 + 10?
-2021000213
In base 13, what is 3 - -458c86?
458c89
In base 6, what is 52235 - -11?
52250
In base 15, what is -3aa2 + -1?
-3aa3
In base 10, what is -7 + 12874?
12867
In base 5, what is 4 + 204020033?
204020042
In base 15, what is -1 + 1c912?
1c911
In base 3, what is 100 + -121120212?
-121120112
In base 5, what is 134121001 + 3?
134121004
In base 8, what is 142 + -330?
-166
In base 14, what is -739 + ca?
-64d
In base 14, what is 826c - 3?
8269
In base 11, what is 2 + -195a1?
-1959a
In base 6, what is -42155 + 25?
-42130
In base 14, what is -1aa96 + 2?
-1aa94
In base 8, what is -213 - 1276?
-1511
In base 11, what is 365 + 1?
366
In base 7, what is 20 - 10310?
-10260
In base 15, what is 263b6c - -4?
263b71
In base 4, what is -11 - -10202103?
10202032
In base 5, what is -30220 - -4?
-30211
In base 12, what is -9a72 + -16?
-9a88
In base 12, what is 2 - -1331b?
13321
In base 13, what is -3 + -1035a?
-10360
In base 15, what is -28 - -7b0?
787
In base 2, what is -110 + 1010100001100110110?
1010100001100110000
In base 16, what is -5e - 107?
-165
In base 12, what is -3a52 - -5?
-3a49
In base 10, what is 808 - -9?
817
In base 5, what is 2011023 + -3?
2011020
In base 7, what is -621 + -5344?
-6265
In base 13, what is -5 - -1974?
196c
In base 10, what is 8 - 91027?
-91019
In base 16, what is 11702e - 0?
11702e
In base 4, what is -10012321 + 110?
-10012211
In base 11, what is 45790 - 33?
45758
In base 13, what is -1 + -6115?
-6116
In base 13, what is 1787 - -152?
1909
In base 6, what is 11 - -13115?
13130
In base 16, what is -3e3748 - -1?
-3e3747
In base 2, what is -1100100 - 10111100?
-100100000
In base 15, what is 7 - 1994?
-198c
In base 2, what is -1001110 + -1010100010?
-1011110000
In base 2, what is 10000 - 1000001111000100?
-1000001110110100
In base 15, what is 205ba0 - -4?
205ba4
In base 7, what is 5540521 - 0?
5540521
In base 5, what is 0 - 40424211?
-40424211
In base 14, what is -425 + -9?
-430
In base 10, what is -122 + 4825?
4703
In base 11, what is -1 + 24432?
24431
In base 3, what is 112022 + -212101?
-100002
In base 2, what is -1001110100 + -1110010?
-1011100110
In base 15, what is -2bca + -2?
-2bcc
In base 12, what is -9a + 1375?
1297
In base 15, what is 18 - 5e5?
-5cc
In base 12, what is -313 + -16?
-329
In base 7, what is -1256 - 10315?
-11604
In base 8, what is 10120 + 35?
10155
In base 13, what is -2864 - 11b?
-2982
In base 5, what is -3 - -4010244?
4010241
In base 3, what is 11221 + 200120211?
200202202
In base 15, what is -e + -4cb?
-4da
In base 13, what is 82743 + -1?
82742
In base 8, what is 3 + -54530?
-54525
In base 6, what is 2 + 25123?
25125
In base 16, what is 2 - 8fd?
-8fb
In base 10, what is -35 - -142?
107
In base 14, what is -3850 + 72?
-37bc
In base 13, what is 11149 + 4?
11150
In base 4, what is 10021333 + -11?
10021322
In base 2, what is -1110 - 10001110110111?
-10001111000101
In base 15, what is d + -34d?
-340
In base 7, what is 30650 - 23?
30624
In base 5, what is 31 - 133?
-102
In base 5, what is -2314003 + -3?
-2314011
In base 2, what is 111101 - -1101110000111101?
1101110001111010
In base 2, what is -110 + -1001111111000000?
-1001111111000110
In base 11, what is -191a + -14?
-1933
In base 14, what is -4806 - -1?
-4805
In base 4, what is -12112 - 1012003?
-1030121
In base 16, what is 1 - 2eb00?
-2eaff
In base 3, what is -2 + 110110020?
110110011
In base 11, what is 10323 - -15?
10338
In base 2, what is -10 - -10001110000?
10001101110
In base 12, what is 2bb3 - 1b?
2b94
In base 14, what is 2c0 - 1ba?
104
In base 4, what is 31 - -3332?
10023
In base 7, what is -22 + -1046?
-1101
In base 3, what is 11000222122 + -21?
11000222101
In base 8, what is 342 + 13?
355
In base 2, what is -111 - 10100100011000010?
-10100100011001001
In base 9, what is -25325 - 0?
-25325
In base 11, what is 1966 + -4a9?
1468
In base 5, what is -14 - -32003?
31434
In base 12, what is 5 + -30b474?
-30b46b
In base 7, what is -25136 + -2?
-25141
In base 10, what is -7 - -9851?
9844
In base 14, what is -127b + -46?
-12c3
In base 3, what is -1 + 11211222?
11211221
In base 5, what is 100204 + 144?
100403
In base 11, what is 4 + -a4a7?
-a4a3
In base 8, what is 11 + -203?
-172
In base 4, what is 1030002 - 21?
1023321
In base 16, what is -1 + 242a?
2429
In base 4, what is 3331302 - -23?
3331331
In base 5, what is -130301 + -24?
-130330
In base 8, what is -26 + -2760?
-3006
In base 6, what is 44115 - 11?
44104
In base 6, what is -3 + -1440203?
-1440210
In base 4, what is -1000022 - -10?
-1000012
In base 10, what is 268 + 304?
572
In base 12, what is 3b77 - 1?
3b76
In base 13, what is -7a46 - 33?
-7a79
In base 13, what is -5 + -2ab28?
-2ab30
In base 11, what is 5 - 3454a?
-34545
In base 4, what is 10003131 + 1?
10003132
In base 8, what is -1027117 - -5?
-1027112
In base 10, what is -1715 + 213?
-1502
In base 10, what is 2 + 15591?
15593
In base 7, what is 10 + -45332?
-45322
In base 15, what is 18ed + 47?
1945
In base 8, what is -1103 + -717?
-2022
In base 15, what is 12 - -1a4e?
1a61
In base 7, what is 1 + -6404?
-6403
In base 7, what is -21314 + -44?
-21361
In base 10, what is 4085 + -62?
4023
In base 14, what is -26014 + -3?
-26017
In base 9, what is 1 + -1452?
-1451
In base 8, what is 4 - 631153?
-631147
In base 16, what is 63 + 2c28?
2c8b
In base 13, what is -1c51a + 7?
-1c513
